{"id":30,"date":"2022-09-30T01:39:24","date_gmt":"2022-09-29T23:39:24","guid":{"rendered":"https:\/\/www.accidentdutravail-idf.net\/blog\/?page_id=30"},"modified":"2022-09-30T01:40:37","modified_gmt":"2022-09-29T23:40:37","slug":"page-legale","status":"publish","type":"page","link":"https:\/\/www.accidentdutravail-idf.net\/blog\/page-legale\/","title":{"rendered":"Page L\u00e9gale"},"content":{"rendered":"<figure id=\"attachment_34\" aria-describedby=\"caption-attachment-34\" style=\"width: 238px\" class=\"wp-caption alignnone\"><img decoding=\"async\" title=\"Page Legale\"  src=\"https:\/\/www.accidentdutravail-idf.net\/blog\/wp-content\/uploads\/2022\/09\/Page-Legale-238x300.jpg\" alt=\"accidentdutravail-idf.net Photo de la page Page L\u00e9gale \" width=\"238\" height=\"300\" class=\"size-medium wp-image-34\" srcset=\"https:\/\/www.accidentdutravail-idf.net\/blog\/wp-content\/uploads\/2022\/09\/Page-Legale-238x300.jpg 238w, https:\/\/www.accidentdutravail-idf.net\/blog\/wp-content\/uploads\/2022\/09\/Page-Legale.jpg 406w\" sizes=\"(max-width: 238px) 100vw, 238px\" \/><figcaption id=\"caption-attachment-34\" class=\"wp-caption-text\">Page Legale<\/figcaption><\/figure>\n<h1>Politique de confidentialit\u00e9:<\/h1>\n<h3>Contenu charg\u00e9 depuis de sites tiers:<\/h3>\n<p> Les papiers de ce site peuvent enfermer des contenus embarqu\u00e9s (par exemple des vid\u00e9os, photographies, papiers\u2026). Le contenu charg\u00e9 \u00e0 partir d\u2019autres sites se comporte de la m\u00eame fa\u00e7on que si l&rsquo;internaute se rendait sur cet autre site.Ces sites web ont la possibilit\u00e9 de charger des informations vous appartenant, activer des cookies, charger des programmes de contr\u00f4les inconnus, poursuivre vos utilisations avec ces contenus int\u00e9gr\u00e9s si vous d\u00e9tenez un espace connect\u00e9 sur leur site internet.<\/p>\n<h3>Utilisation de vos donn\u00e9es privatives:<\/h3>\n<p> Tous les commentaires des internautes peuvent \u00eatre v\u00e9rifi\u00e9s \u00e0 l\u2019aide d\u2019un travail robotis\u00e9 de d\u00e9couverte des textes suspects. <\/p>\n<h3>Exploitation et cession de vos datas secr\u00e8tes:<\/h3>\n<p> Au cas o\u00f9 vous souhaitez une remise \u00e0 z\u00e9ro de votre mot de passe, votre  IP sera introduite dans l\u2019e-mail de purge.<\/p>\n<h3>Protection sur vos donn\u00e9es:<\/h3>\n<p> Si vous d\u00e9tenez un profil ou si vous avez laiss\u00e9 des textes sur le site, vous avez le droit de demander \u00e0 r\u00e9ceptionner un fichier enfermant en globalit\u00e9 les datas priv\u00e9es que nous conservons \u00e0 votre propos, contenant celles que vous nous avez transf\u00e9r\u00e9es. Vous avez le droit \u00e9galement de demander l&rsquo;effacement des donn\u00e9es priv\u00e9es \u00e0 propos de vous. Ceci ne prend pas en compte les datas stock\u00e9es \u00e0 des fins de gestion, dans le respect du droit ou pour s\u00e9curit\u00e9.<\/p>\n<h3>Cookies:<\/h3>\n<p> Dans les cas o\u00f9 vous uploadez un commentaire sur le site, il vous sera propos\u00e9 d\u2019enregistrer vos nom, adresse e-mail et site dans des cookies. C\u2019est uniquement avec pour objectif de votre exp\u00e9rience utilisateur afin de ne pas avoir \u00e0 redonner ces informations lorsque vous entrez un autre texte ult\u00e9rieurement. Ces cookies s&rsquo;effacent au terme d\u2019un certain d\u00e9lai.Quand vous visitez la feuille de l&rsquo;enregistrement, un cookie momentan\u00e9 sera d\u00e9clench\u00e9 dans le but de fixer si votre programme de navigation autorise les cookies. Cette fonction ne comprend pas de datas secr\u00e8tes et sera r\u00e9sili\u00e9 in\u00e9luctablement d\u00e8s vous fermerez votre browser.Lorsque vous acc\u00e9dez, nous mettrons en place un certain nombre de cookies dans le but d&rsquo;enregistrer vos informations de connexion et vos pr\u00e9f\u00e9rences d\u2019\u00e9cran. La persistance d&rsquo;existence d\u2019un cookie de login est de 2 jours, la dur\u00e9e de vie d\u2019un cookie d&rsquo;utilisation est plus longue. Lorsque vous validez \u00ab Se souvenir de moi \u00bb, le cookie de login sera perp\u00e9tu\u00e9 pour une dur\u00e9e de plusieurs jours. Si vous fermez votre espace personnel, le cookie de login sera radi\u00e9.En modifiant ou si vous diffusez un article, un cookie de plus sera admis dans votre browser. Ce cookie n&rsquo;est constitu\u00e9 d&rsquo;aucune information privative. Il pr\u00e9cise simplement l\u2019identifiant de l&rsquo;article que vous venez de changer. Il meurt au bout de 24 heures.<\/p>\n<h2>R\u00e8gles d&rsquo;utilisation conformes \u00e0 la RGPD<\/h2>\n<h3>Envoyer des commentaires :<\/h3>\n<p> Quand vous \u00e9crivez un commentaire sur le pr\u00e9sent site, les \u00e9critures expos\u00e9es sur le formulaire \u00e9lectronique, ainsi que votre adresse IP et l\u2019agent internaute de votre terminal sont collect\u00e9s avec pour objectif de nous aider \u00e0 rep\u00e9rer des textes interdits.<\/p>\n<h3>Quelle dur\u00e9e de stockage de vos informations:<\/h3>\n<p> Au cas o\u00f9 vous laissez un texte, le texte et ses donn\u00e9es compl\u00e9mentaires sont retenus ind\u00e9finiment. Ce process permet de valider et agr\u00e9er m\u00e9caniquement les textes cons\u00e9cutifs au lieu de les maintenir dans la liste des mod\u00e9rateurs.Au cas o\u00f9 les comptes qui s\u2019inscrivent sur le site (au cas o\u00f9), nous conservons aussi les donn\u00e9es priv\u00e9es \u00e9crites dans leur profil. Tous les profils peuvent intervenir sur leurs informations priv\u00e9es \u00e0 tout moment. Les mod\u00e9rateurs du site peuvent aussi voir et modifier ces informations.<\/p>\n<h3>Les contenus:<\/h3>\n<p> Lorsque vous d\u00e9posez des photographies sur notre site, nous vous sugg\u00e9rons de ne pas le faire des m\u00e9dias ayant des tags EXIF de donn\u00e9es GPS. Les individus parcourant le site savent t\u00e9l\u00e9charger des datas de rep\u00e9rage \u00e0 partir de ces images.<\/p>\n<hr \/>\n","protected":false},"excerpt":{"rendered":"<p>Politique de confidentialit\u00e9: Contenu charg\u00e9 depuis de sites tiers: Les papiers de ce site peuvent enfermer des contenus embarqu\u00e9s (par exemple des vid\u00e9os, photographies, papiers\u2026). Le contenu charg\u00e9 \u00e0 partir d\u2019autres sites se comporte de la m\u00eame fa\u00e7on que si l&rsquo;internaute se rendait sur cet autre site.Ces sites web ont la possibilit\u00e9 de charger des &hellip; <\/p>\n<p class=\"link-more\"><a href=\"https:\/\/www.accidentdutravail-idf.net\/blog\/page-legale\/\" class=\"more-link\">Continuer la lecture <span class=\"screen-reader-text\"> \u00ab\u00a0Page L\u00e9gale\u00a0\u00bb<\/span><\/a><\/p>\n","protected":false},"author":1,"featured_media":32,"parent":0,"menu_order":0,"comment_status":"closed","ping_status":"closed","template":"","meta":{"footnotes":""},"class_list":["post-30","page","type-page","status-publish","has-post-thumbnail","hentry","entry"],"yoast_head":"<!-- This site is optimized with the Yoast SEO plugin v27.5 - https:\/\/yoast.com\/product\/yoast-seo-wordpress\/ -->\n<title>Page L\u00e9gale - ACCIDENTDUTRAVAIL-IDF<\/title>\n<meta name=\"robots\" content=\"index, follow, max-snippet:-1, max-image-preview:large, max-video-preview:-1\" \/>\n<link rel=\"canonical\" href=\"https:\/\/www.accidentdutravail-idf.net\/blog\/page-legale\/\" \/>\n<meta property=\"og:locale\" content=\"fr_FR\" \/>\n<meta property=\"og:type\" content=\"article\" \/>\n<meta property=\"og:title\" content=\"Page L\u00e9gale - ACCIDENTDUTRAVAIL-IDF\" \/>\n<meta property=\"og:description\" content=\"Politique de confidentialit\u00e9: Contenu charg\u00e9 depuis de sites tiers: Les papiers de ce site peuvent enfermer des contenus embarqu\u00e9s (par exemple des vid\u00e9os, photographies, papiers\u2026). Le contenu charg\u00e9 \u00e0 partir d\u2019autres sites se comporte de la m\u00eame fa\u00e7on que si l&rsquo;internaute se rendait sur cet autre site.Ces sites web ont la possibilit\u00e9 de charger des &hellip; Continuer la lecture \u00ab\u00a0Page L\u00e9gale\u00a0\u00bb\" \/>\n<meta property=\"og:url\" content=\"https:\/\/www.accidentdutravail-idf.net\/blog\/page-legale\/\" \/>\n<meta property=\"og:site_name\" content=\"ACCIDENTDUTRAVAIL-IDF\" \/>\n<meta property=\"article:modified_time\" content=\"2022-09-29T23:40:37+00:00\" \/>\n<meta property=\"og:image\" content=\"https:\/\/www.accidentdutravail-idf.net\/blog\/wp-content\/uploads\/2022\/09\/Page-Legale-photo-a-la-une.jpg\" \/>\n\t<meta property=\"og:image:width\" content=\"800\" \/>\n\t<meta property=\"og:image:height\" content=\"343\" \/>\n\t<meta property=\"og:image:type\" content=\"image\/jpeg\" \/>\n<meta name=\"twitter:card\" content=\"summary_large_image\" \/>\n<meta name=\"twitter:label1\" content=\"Dur\u00e9e de lecture estim\u00e9e\" \/>\n\t<meta name=\"twitter:data1\" content=\"4 minutes\" \/>\n<script type=\"application\/ld+json\" class=\"yoast-schema-graph\">{\"@context\":\"https:\\\/\\\/schema.org\",\"@graph\":[{\"@type\":\"WebPage\",\"@id\":\"https:\\\/\\\/www.accidentdutravail-idf.net\\\/blog\\\/page-legale\\\/\",\"url\":\"https:\\\/\\\/www.accidentdutravail-idf.net\\\/blog\\\/page-legale\\\/\",\"name\":\"Page L\u00e9gale - ACCIDENTDUTRAVAIL-IDF\",\"isPartOf\":{\"@id\":\"https:\\\/\\\/www.accidentdutravail-idf.net\\\/blog\\\/#website\"},\"primaryImageOfPage\":{\"@id\":\"https:\\\/\\\/www.accidentdutravail-idf.net\\\/blog\\\/page-legale\\\/#primaryimage\"},\"image\":{\"@id\":\"https:\\\/\\\/www.accidentdutravail-idf.net\\\/blog\\\/page-legale\\\/#primaryimage\"},\"thumbnailUrl\":\"https:\\\/\\\/www.accidentdutravail-idf.net\\\/blog\\\/wp-content\\\/uploads\\\/2022\\\/09\\\/Page-Legale-photo-a-la-une.jpg\",\"datePublished\":\"2022-09-29T23:39:24+00:00\",\"dateModified\":\"2022-09-29T23:40:37+00:00\",\"breadcrumb\":{\"@id\":\"https:\\\/\\\/www.accidentdutravail-idf.net\\\/blog\\\/page-legale\\\/#breadcrumb\"},\"inLanguage\":\"fr-FR\",\"potentialAction\":[{\"@type\":\"ReadAction\",\"target\":[\"https:\\\/\\\/www.accidentdutravail-idf.net\\\/blog\\\/page-legale\\\/\"]}]},{\"@type\":\"ImageObject\",\"inLanguage\":\"fr-FR\",\"@id\":\"https:\\\/\\\/www.accidentdutravail-idf.net\\\/blog\\\/page-legale\\\/#primaryimage\",\"url\":\"https:\\\/\\\/www.accidentdutravail-idf.net\\\/blog\\\/wp-content\\\/uploads\\\/2022\\\/09\\\/Page-Legale-photo-a-la-une.jpg\",\"contentUrl\":\"https:\\\/\\\/www.accidentdutravail-idf.net\\\/blog\\\/wp-content\\\/uploads\\\/2022\\\/09\\\/Page-Legale-photo-a-la-une.jpg\",\"width\":800,\"height\":343,\"caption\":\"Page Legale photo a la une\"},{\"@type\":\"BreadcrumbList\",\"@id\":\"https:\\\/\\\/www.accidentdutravail-idf.net\\\/blog\\\/page-legale\\\/#breadcrumb\",\"itemListElement\":[{\"@type\":\"ListItem\",\"position\":1,\"name\":\"Accueil\",\"item\":\"https:\\\/\\\/www.accidentdutravail-idf.net\\\/blog\\\/\"},{\"@type\":\"ListItem\",\"position\":2,\"name\":\"Page L\u00e9gale\"}]},{\"@type\":\"WebSite\",\"@id\":\"https:\\\/\\\/www.accidentdutravail-idf.net\\\/blog\\\/#website\",\"url\":\"https:\\\/\\\/www.accidentdutravail-idf.net\\\/blog\\\/\",\"name\":\"ACCIDENTDUTRAVAIL-IDF\",\"description\":\"Portail accidents du travail-maladies professionnelles des entreprises d&#039;Ile-de-France\",\"publisher\":{\"@id\":\"https:\\\/\\\/www.accidentdutravail-idf.net\\\/blog\\\/#organization\"},\"potentialAction\":[{\"@type\":\"SearchAction\",\"target\":{\"@type\":\"EntryPoint\",\"urlTemplate\":\"https:\\\/\\\/www.accidentdutravail-idf.net\\\/blog\\\/?s={search_term_string}\"},\"query-input\":{\"@type\":\"PropertyValueSpecification\",\"valueRequired\":true,\"valueName\":\"search_term_string\"}}],\"inLanguage\":\"fr-FR\"},{\"@type\":\"Organization\",\"@id\":\"https:\\\/\\\/www.accidentdutravail-idf.net\\\/blog\\\/#organization\",\"name\":\"accidentdutravail-idf\",\"url\":\"https:\\\/\\\/www.accidentdutravail-idf.net\\\/blog\\\/\",\"logo\":{\"@type\":\"ImageObject\",\"inLanguage\":\"fr-FR\",\"@id\":\"https:\\\/\\\/www.accidentdutravail-idf.net\\\/blog\\\/#\\\/schema\\\/logo\\\/image\\\/\",\"url\":\"https:\\\/\\\/www.accidentdutravail-idf.net\\\/blog\\\/wp-content\\\/uploads\\\/2022\\\/09\\\/logo-2.png\",\"contentUrl\":\"https:\\\/\\\/www.accidentdutravail-idf.net\\\/blog\\\/wp-content\\\/uploads\\\/2022\\\/09\\\/logo-2.png\",\"width\":380,\"height\":291,\"caption\":\"accidentdutravail-idf\"},\"image\":{\"@id\":\"https:\\\/\\\/www.accidentdutravail-idf.net\\\/blog\\\/#\\\/schema\\\/logo\\\/image\\\/\"}}]}<\/script>\n<!-- \/ Yoast SEO plugin. -->","yoast_head_json":{"title":"Page L\u00e9gale - ACCIDENTDUTRAVAIL-IDF","robots":{"index":"index","follow":"follow","max-snippet":"max-snippet:-1","max-image-preview":"max-image-preview:large","max-video-preview":"max-video-preview:-1"},"canonical":"https:\/\/www.accidentdutravail-idf.net\/blog\/page-legale\/","og_locale":"fr_FR","og_type":"article","og_title":"Page L\u00e9gale - ACCIDENTDUTRAVAIL-IDF","og_description":"Politique de confidentialit\u00e9: Contenu charg\u00e9 depuis de sites tiers: Les papiers de ce site peuvent enfermer des contenus embarqu\u00e9s (par exemple des vid\u00e9os, photographies, papiers\u2026). Le contenu charg\u00e9 \u00e0 partir d\u2019autres sites se comporte de la m\u00eame fa\u00e7on que si l&rsquo;internaute se rendait sur cet autre site.Ces sites web ont la possibilit\u00e9 de charger des &hellip; Continuer la lecture \u00ab\u00a0Page L\u00e9gale\u00a0\u00bb","og_url":"https:\/\/www.accidentdutravail-idf.net\/blog\/page-legale\/","og_site_name":"ACCIDENTDUTRAVAIL-IDF","article_modified_time":"2022-09-29T23:40:37+00:00","og_image":[{"width":800,"height":343,"url":"https:\/\/www.accidentdutravail-idf.net\/blog\/wp-content\/uploads\/2022\/09\/Page-Legale-photo-a-la-une.jpg","type":"image\/jpeg"}],"twitter_card":"summary_large_image","twitter_misc":{"Dur\u00e9e de lecture estim\u00e9e":"4 minutes"},"schema":{"@context":"https:\/\/schema.org","@graph":[{"@type":"WebPage","@id":"https:\/\/www.accidentdutravail-idf.net\/blog\/page-legale\/","url":"https:\/\/www.accidentdutravail-idf.net\/blog\/page-legale\/","name":"Page L\u00e9gale - ACCIDENTDUTRAVAIL-IDF","isPartOf":{"@id":"https:\/\/www.accidentdutravail-idf.net\/blog\/#website"},"primaryImageOfPage":{"@id":"https:\/\/www.accidentdutravail-idf.net\/blog\/page-legale\/#primaryimage"},"image":{"@id":"https:\/\/www.accidentdutravail-idf.net\/blog\/page-legale\/#primaryimage"},"thumbnailUrl":"https:\/\/www.accidentdutravail-idf.net\/blog\/wp-content\/uploads\/2022\/09\/Page-Legale-photo-a-la-une.jpg","datePublished":"2022-09-29T23:39:24+00:00","dateModified":"2022-09-29T23:40:37+00:00","breadcrumb":{"@id":"https:\/\/www.accidentdutravail-idf.net\/blog\/page-legale\/#breadcrumb"},"inLanguage":"fr-FR","potentialAction":[{"@type":"ReadAction","target":["https:\/\/www.accidentdutravail-idf.net\/blog\/page-legale\/"]}]},{"@type":"ImageObject","inLanguage":"fr-FR","@id":"https:\/\/www.accidentdutravail-idf.net\/blog\/page-legale\/#primaryimage","url":"https:\/\/www.accidentdutravail-idf.net\/blog\/wp-content\/uploads\/2022\/09\/Page-Legale-photo-a-la-une.jpg","contentUrl":"https:\/\/www.accidentdutravail-idf.net\/blog\/wp-content\/uploads\/2022\/09\/Page-Legale-photo-a-la-une.jpg","width":800,"height":343,"caption":"Page Legale photo a la une"},{"@type":"BreadcrumbList","@id":"https:\/\/www.accidentdutravail-idf.net\/blog\/page-legale\/#breadcrumb","itemListElement":[{"@type":"ListItem","position":1,"name":"Accueil","item":"https:\/\/www.accidentdutravail-idf.net\/blog\/"},{"@type":"ListItem","position":2,"name":"Page L\u00e9gale"}]},{"@type":"WebSite","@id":"https:\/\/www.accidentdutravail-idf.net\/blog\/#website","url":"https:\/\/www.accidentdutravail-idf.net\/blog\/","name":"ACCIDENTDUTRAVAIL-IDF","description":"Portail accidents du travail-maladies professionnelles des entreprises d&#039;Ile-de-France","publisher":{"@id":"https:\/\/www.accidentdutravail-idf.net\/blog\/#organization"},"potentialAction":[{"@type":"SearchAction","target":{"@type":"EntryPoint","urlTemplate":"https:\/\/www.accidentdutravail-idf.net\/blog\/?s={search_term_string}"},"query-input":{"@type":"PropertyValueSpecification","valueRequired":true,"valueName":"search_term_string"}}],"inLanguage":"fr-FR"},{"@type":"Organization","@id":"https:\/\/www.accidentdutravail-idf.net\/blog\/#organization","name":"accidentdutravail-idf","url":"https:\/\/www.accidentdutravail-idf.net\/blog\/","logo":{"@type":"ImageObject","inLanguage":"fr-FR","@id":"https:\/\/www.accidentdutravail-idf.net\/blog\/#\/schema\/logo\/image\/","url":"https:\/\/www.accidentdutravail-idf.net\/blog\/wp-content\/uploads\/2022\/09\/logo-2.png","contentUrl":"https:\/\/www.accidentdutravail-idf.net\/blog\/wp-content\/uploads\/2022\/09\/logo-2.png","width":380,"height":291,"caption":"accidentdutravail-idf"},"image":{"@id":"https:\/\/www.accidentdutravail-idf.net\/blog\/#\/schema\/logo\/image\/"}}]}},"_links":{"self":[{"href":"https:\/\/www.accidentdutravail-idf.net\/blog\/wp-json\/wp\/v2\/pages\/30","targetHints":{"allow":["GET"]}}],"collection":[{"href":"https:\/\/www.accidentdutravail-idf.net\/blog\/wp-json\/wp\/v2\/pages"}],"about":[{"href":"https:\/\/www.accidentdutravail-idf.net\/blog\/wp-json\/wp\/v2\/types\/page"}],"author":[{"embeddable":true,"href":"https:\/\/www.accidentdutravail-idf.net\/blog\/wp-json\/wp\/v2\/users\/1"}],"replies":[{"embeddable":true,"href":"https:\/\/www.accidentdutravail-idf.net\/blog\/wp-json\/wp\/v2\/comments?post=30"}],"version-history":[{"count":4,"href":"https:\/\/www.accidentdutravail-idf.net\/blog\/wp-json\/wp\/v2\/pages\/30\/revisions"}],"predecessor-version":[{"id":35,"href":"https:\/\/www.accidentdutravail-idf.net\/blog\/wp-json\/wp\/v2\/pages\/30\/revisions\/35"}],"wp:featuredmedia":[{"embeddable":true,"href":"https:\/\/www.accidentdutravail-idf.net\/blog\/wp-json\/wp\/v2\/media\/32"}],"wp:attachment":[{"href":"https:\/\/www.accidentdutravail-idf.net\/blog\/wp-json\/wp\/v2\/media?parent=30"}],"curies":[{"name":"wp","href":"https:\/\/api.w.org\/{rel}","templated":true}]}}